{"id":78,"date":"2024-12-24T00:21:05","date_gmt":"2024-12-23T23:21:05","guid":{"rendered":"https:\/\/gajoszek.pl\/?page_id=78"},"modified":"2024-12-27T12:47:25","modified_gmt":"2024-12-27T11:47:25","slug":"somfy","status":"publish","type":"page","link":"https:\/\/gajoszek.pl\/?page_id=78","title":{"rendered":"Somfy"},"content":{"rendered":"\n<p>Szerok\u0105 gam\u0105 produkt\u00f3w automatyki domowej (Smart Home) sterowanych jednym urz\u0105dzeniem centralnym (Tahoma). <br>W zakresie automatycznego zarz\u0105dzania \u015bwiat\u0142em, ogrzewaniem jak i monitoringiem firma skoncentrowa\u0142a si\u0119 na sterowaniu: roletami, \u017caluzjami, nap\u0119dami bram wjazdowych i gara\u017cowych. <br>Protokolem zarz\u0105dzaj\u0105cym jest Zigbee jednak nie rozpoznaje innych urz\u0105dze\u0144 ni\u017c te, kt\u00f3re zaleca producent. <br><\/p>\n","protected":false},"excerpt":{"rendered":"<p>Szerok\u0105 gam\u0105 produkt\u00f3w automatyki domowej (Smart Home) sterowanych jednym urz\u0105dzeniem centralnym (Tahoma). W zakresie automatycznego zarz\u0105dzania \u015bwiat\u0142em, ogrzewaniem jak i monitoringiem firma skoncentrowa\u0142a si\u0119 na sterowaniu: roletami, \u017caluzjami, nap\u0119dami bram wjazdowych i gara\u017cowych. Protokolem zarz\u0105dzaj\u0105cym jest Zigbee jednak nie rozpoznaje innych urz\u0105dze\u0144 ni\u017c te, kt\u00f3re zaleca producent.<\/p>\n","protected":false},"author":2,"featured_media":0,"parent":0,"menu_order":0,"comment_status":"closed","ping_status":"closed","template":"","meta":{"footnotes":""},"class_list":["post-78","page","type-page","status-publish","hentry"],"_links":{"self":[{"href":"https:\/\/gajoszek.pl\/index.php?rest_route=\/wp\/v2\/pages\/78","targetHints":{"allow":["GET"]}}],"collection":[{"href":"https:\/\/gajoszek.pl\/index.php?rest_route=\/wp\/v2\/pages"}],"about":[{"href":"https:\/\/gajoszek.pl\/index.php?rest_route=\/wp\/v2\/types\/page"}],"author":[{"embeddable":true,"href":"https:\/\/gajoszek.pl\/index.php?rest_route=\/wp\/v2\/users\/2"}],"replies":[{"embeddable":true,"href":"https:\/\/gajoszek.pl\/index.php?rest_route=%2Fwp%2Fv2%2Fcomments&post=78"}],"version-history":[{"count":1,"href":"https:\/\/gajoszek.pl\/index.php?rest_route=\/wp\/v2\/pages\/78\/revisions"}],"predecessor-version":[{"id":80,"href":"https:\/\/gajoszek.pl\/index.php?rest_route=\/wp\/v2\/pages\/78\/revisions\/80"}],"wp:attachment":[{"href":"https:\/\/gajoszek.pl\/index.php?rest_route=%2Fwp%2Fv2%2Fmedia&parent=78"}],"curies":[{"name":"wp","href":"https:\/\/api.w.org\/{rel}","templated":true}]}}